{"id":251,"date":"2022-02-11T18:43:26","date_gmt":"2022-02-11T17:43:26","guid":{"rendered":"https:\/\/cdgerion.de\/?page_id=251"},"modified":"2024-02-10T15:22:11","modified_gmt":"2024-02-10T14:22:11","slug":"tempel-nummer-38","status":"publish","type":"page","link":"https:\/\/cdgerion.de\/?page_id=251","title":{"rendered":"Tempel Nummer 38"},"content":{"rendered":"\n<div class=\"wp-block-media-text alignwide\" style=\"grid-template-columns:15% auto\"><figure class=\"wp-block-media-text__media\"><img loading=\"lazy\" decoding=\"async\" width=\"559\" height=\"794\" src=\"https:\/\/cdgerion.de\/wp-content\/uploads\/2022\/02\/Tempel_tred-1.jpg\" alt=\"\" class=\"wp-image-362 size-full\" srcset=\"https:\/\/cdgerion.de\/wp-content\/uploads\/2022\/02\/Tempel_tred-1.jpg 559w, https:\/\/cdgerion.de\/wp-content\/uploads\/2022\/02\/Tempel_tred-1-211x300.jpg 211w\" sizes=\"auto, (max-width: 559px) 100vw, 559px\" \/><\/figure><div class=\"wp-block-media-text__content\">\n<p class=\"has-medium-font-size\">C.D. Gerion, Tempel Nummer 38 &#8211; Eine japanische Pilgerreise<\/p>\n\n\n\n<p class=\"has-medium-font-size\">Roman<\/p>\n\n\n\n<p>267 Seiten<\/p>\n\n\n\n<p>Verlag tredition, Hamburg 2022<\/p>\n\n\n\n<p class=\"has-small-font-size\">ISBN:<\/p>\n\n\n\n<p class=\"has-small-font-size\">978-3-347-51168-2 (Softcover), 12,90 EUR<\/p>\n\n\n\n<p class=\"has-small-font-size\">978-3-347-51169-9 (Hardcover), 21,90 EUR<\/p>\n\n\n\n<p class=\"has-small-font-size\">978-3-347- 51170-5 (E-Book), 5,99 EUR<\/p>\n\n\n\n<p class=\"has-small-font-size\"><strong>Zu beziehen im tredition-Shop <a href=\"https:\/\/shop.tredition.com\">https:\/\/shop.tredition.com<\/a> sowie im station\u00e4ren und Online-Buchhandel<\/strong><\/p>\n<\/div><\/div>\n\n\n\n<p>Thomas, durch eine Tropenkrankheit aus seiner beruflichen Routine als Diplomat im Auslandseinsatz gerissen, unternimmt mit seinem Sohn Daniel eine nostalgische Pilgerreise auf der Route der 88 Tempel von Shikoku (Japan). Er hofft, so die \u00fcber die Jahre gewachsene Entfremdung zwischen ihnen zu \u00fcberwinden. Auf dieser Reise finden Vater und Sohn schrittweise wieder zueinander, so dass Thomas schlie\u00dflich auch den Mut findet, seinem Sohn die wahren Hintergr\u00fcnde ihrer tragischen Familiengeschichte zu enth\u00fcllen.<\/p>\n\n\n\n<p>Eine Geschichte, die ihre Leser alle H\u00f6hen und Tiefen einer abenteuerlichen Reise durch ein faszinierendes Land miterleben und sie auch tief in die geheimnisvolle Welt des japanischen Buddhismus eintauchen l\u00e4sst. Eine Geschichte um Liebe und Lebensl\u00fcgen, um Schicksal und Schuld, in deren Verlauf sich nach und nach alle Gewissheiten aufl\u00f6sen.<\/p>\n\n\n\n<p><\/p>\n\n\n\n<p><strong>Lesermeinungen<\/strong> (LovelyBooks)<\/p>\n\n\n\n<p>&#8222;Eine gelungene Mischung aus ber\u00fchrender Familiengeschichte und Pilgerreise.&#8220; (Maya83)<\/p>\n\n\n\n<p>&#8222;&#8230; sehr guter Schreibstil, der einen nicht mehr so schnell losl\u00e4sst&#8220; (Babrbara)<\/p>\n\n\n\n<p>&#8222;&#8230; eine spannende, herausfordernde und lange Pilgerreise mit wundervollen Naturbeschreibungen &#8230;  Man schmeckt tats\u00e4chlich die japanische K\u00fcche beim Lesen.&#8220; (Eric Maes)<\/p>\n\n\n\n<p><\/p>\n\n\n\n<p><\/p>\n\n\n\n<p><\/p>\n\n\n\n<p><\/p>\n","protected":false},"excerpt":{"rendered":"<p>C.D. Gerion, Tempel Nummer 38 &#8211; Eine japanische Pilgerreise Roman 267 Seiten Verlag tredition, Hamburg 2022 ISBN: 978-3-347-51168-2 (Softcover), 12,90 EUR 978-3-347-51169-9 (Hardcover), 21,90 EUR 978-3-347- 51170-5 (E-Book), 5,99 EUR Zu beziehen im tredition-Shop https:\/\/shop.tredition.com sowie im station\u00e4ren und Online-Buchhandel Thomas, durch eine Tropenkrankheit aus &hellip; <\/p>\n","protected":false},"author":1,"featured_media":0,"parent":0,"menu_order":0,"comment_status":"closed","ping_status":"closed","template":"","meta":{"footnotes":""},"class_list":["post-251","page","type-page","status-publish","hentry"],"_links":{"self":[{"href":"https:\/\/cdgerion.de\/index.php?rest_route=\/wp\/v2\/pages\/251","targetHints":{"allow":["GET"]}}],"collection":[{"href":"https:\/\/cdgerion.de\/index.php?rest_route=\/wp\/v2\/pages"}],"about":[{"href":"https:\/\/cdgerion.de\/index.php?rest_route=\/wp\/v2\/types\/page"}],"author":[{"embeddable":true,"href":"https:\/\/cdgerion.de\/index.php?rest_route=\/wp\/v2\/users\/1"}],"replies":[{"embeddable":true,"href":"https:\/\/cdgerion.de\/index.php?rest_route=%2Fwp%2Fv2%2Fcomments&post=251"}],"version-history":[{"count":13,"href":"https:\/\/cdgerion.de\/index.php?rest_route=\/wp\/v2\/pages\/251\/revisions"}],"predecessor-version":[{"id":448,"href":"https:\/\/cdgerion.de\/index.php?rest_route=\/wp\/v2\/pages\/251\/revisions\/448"}],"wp:attachment":[{"href":"https:\/\/cdgerion.de\/index.php?rest_route=%2Fwp%2Fv2%2Fmedia&parent=251"}],"curies":[{"name":"wp","href":"https:\/\/api.w.org\/{rel}","templated":true}]}}